{"id":5475,"date":"2021-10-01T13:01:38","date_gmt":"2021-10-01T13:01:38","guid":{"rendered":"https:\/\/mastick.be\/index.php\/terms-conditions\/"},"modified":"2025-01-18T17:29:21","modified_gmt":"2025-01-18T17:29:21","slug":"terms-conditions","status":"publish","type":"page","link":"https:\/\/mastick.be\/index.php\/terms-conditions\/","title":{"rendered":"Conditions G\u00e9n\u00e9rale de Vente"},"content":{"rendered":"\t\t<div data-elementor-type=\"wp-page\" data-elementor-id=\"5475\" class=\"elementor elementor-5475\" data-elementor-post-type=\"page\">\n\t\t\t\t<div class=\"elementor-element elementor-element-f366426 e-flex e-con-boxed e-con e-parent\" data-id=\"f366426\" data-element_type=\"container\">\n\t\t\t\t\t<div class=\"e-con-inner\">\n\t\t\t\t<div class=\"elementor-element elementor-element-2a890ce elementor-widget elementor-widget-text-editor\" data-id=\"2a890ce\" data-element_type=\"widget\" data-widget_type=\"text-editor.default\">\n\t\t\t\t<div class=\"elementor-widget-container\">\n\t\t\t\t\t\t\t\t\t<p><strong><u>CONDITIONS\u00a0 GENERALES POUR VENTE DE MARCHANDISES<\/u><\/strong><\/p><p><strong>\u00a0<\/strong><\/p><p><strong>Article 1.<\/strong><\/p><p>Sauf dispositions l\u00e9gales imp\u00e9ratives contraires, les pr\u00e9sentes conditions g\u00e9n\u00e9rales s\u2019appliquent \u00e0 toutes les activit\u00e9s de AidePC (en ce compris Mastick) ci-apr\u00e8s d\u00e9nomm\u00e9 SOCIETE. Les pr\u00e9sentes conditions g\u00e9n\u00e9rales, de m\u00eame que toutes conditions particuli\u00e8res de la SOCIETE, sont r\u00e9put\u00e9es accept\u00e9es par ses acheteurs et ses fournisseurs, m\u00eame si elles seraient en contradiction avec leurs propres conditions g\u00e9n\u00e9rales ou particuli\u00e8res. Toutes d\u00e9rogations aux pr\u00e9sentes conditions devront \u00eatre constat\u00e9es par \u00e9crit et notifi\u00e9es par une personne habilit\u00e9e \u00e0 engager la SOCIETE.<\/p><p><strong>Article 2.<\/strong>\u00a0<\/p><p>Les offres de la SOCIETE sont faites sans engagement. Les commandes ne sont d\u00e9finitives qu\u2019apr\u00e8s avoir \u00e9t\u00e9 confirm\u00e9es par \u00e9crit et sign\u00e9es par une personne habilit\u00e9e \u00e0 engager la SOCIETE. La SOCIETE est d\u00e9gag\u00e9e de toute responsabilit\u00e9 en cas d\u2019inex\u00e9cution due \u00e0 un cas de force majeure, une gr\u00e8ve, un lock-out, etc.<\/p><p><strong>Article 3.<\/strong><\/p><p><strong>\u00a0<\/strong><\/p><p>Les d\u00e9lais de livraison sont donn\u00e9s \u00e0 titre indicatif. Les marchandises voyagent aux risques et p\u00e9rils de l\u2019acheteur, le transfert des risques op\u00e9rant d\u00e8s que la marchandise quitte les entrep\u00f4ts de la SOCIETE. La SOCIETE se r\u00e9serve le droit de facturer les marchandises au fur et \u00e0 mesure des livraisons, m\u00eame si celles-ci sont partielles.\u00a0\u00a0<\/p><p><strong>Article 4.<\/strong><\/p><p>Les marchandises vendues par la SOCIETE sont garanties par le fabricant contre tous d\u00e9fauts de fabrication. La SOCIETE est uniquement responsable des vices cach\u00e9s sauf si elle d\u00e9montre le caract\u00e8re ind\u00e9celable du vice. La garantie de la SOCIETE cesse si l\u2019acheteur ne lui a pas fait part de ses griefs par lettre recommand\u00e9e au plus tard dans le mois de la vente. La responsabilit\u00e9 de la SOCIETE est limit\u00e9e au remplacement de la pi\u00e8ce d\u00e9fectueuse sans qu\u2019elle puisse \u00eatre tenue \u00e0 aucun remboursement, indemnit\u00e9 ou dommages et int\u00e9r\u00eats de quelque nature et pour quelque motif que ce soit.<\/p><p><strong>Article 5.<\/strong><\/p><p>Sauf convention contraire et \u00e9crite, toutes les factures de la SOCIETE sont payables au comptant au domicile de la SOCIETE. Le d\u00e9faut de paiement d\u2019une facture \u00e0 l\u2019\u00e9ch\u00e9ance, rend imm\u00e9diatement exigibles toutes les sommes dues, quelles que soient les facilit\u00e9s de paiement pr\u00e9alablement accord\u00e9es. A d\u00e9faut de paiement \u00e0 l\u2019\u00e9ch\u00e9ance d\u2019une fourniture partielle, la SOCIETE se r\u00e9serve le droit d\u2019annuler le solde de la commande.<\/p><p><strong>Article 6.<\/strong><\/p><p>A d\u00e9faut de paiement d\u2019une facture \u00e0 son \u00e9ch\u00e9ance et sans mise en demeure pr\u00e9alable, le d\u00e9biteur se reconna\u00eet tenu au paiement d\u2019une indemnit\u00e9 fix\u00e9e \u00e0 15% du montant de la facture d\u00fb avec un minimum de 150,00 \u20ac et d\u2019un int\u00e9r\u00eat au taux fix\u00e9 par la loi du 02.08.2002 relative \u00e0 la lutte contre les retards de paiements dans les transactions commerciales.<\/p><p><strong style=\"text-align: var(--text-align); color: var(--the7-base-color); letter-spacing: var(--the7-base-letter-spacing); text-transform: var(--the7-base-text-transform); word-spacing: normal; background-color: rgba(255, 255, 255, 0);\">Article 7.<\/strong><\/p><p>L\u2019acheteur reconna\u00eet que les biens restent la propri\u00e9t\u00e9 de la SOCIETE et ce jusqu\u2019au paiement int\u00e9gral de la facture ainsi que de ses accessoires en cas de non-paiement \u00e0 la date d\u2019\u00e9ch\u00e9ance.<\/p><p><strong>Article 8.<\/strong><\/p><p>L\u2019envoi de la facture reprenant le solde final vaut demande de r\u00e9ception si celle-ci n\u2019a pas \u00e9t\u00e9 r\u00e9alis\u00e9e ant\u00e9rieurement. A d\u00e9faut de r\u00e9clamation par lettre recommand\u00e9e dans les vingt jours \u00e0 dater de la facturation, les travaux seront consid\u00e9r\u00e9s comme r\u00e9ceptionn\u00e9s de mani\u00e8re d\u00e9finitive et sans r\u00e9serve.<\/p><p><strong>Article 9.<\/strong><\/p><p>En cas de litige, autre que le recouvrement de factures impay\u00e9es, les parties s\u2019engagent \u00e0 pr\u00e9alablement recourir \u00e0 une m\u00e9diation en d\u00e9signant un m\u00e9diateur agr\u00e9e et \u00e0 participer \u00e0 deux s\u00e9ances de deux heures minimum aux fins de tenter de trouver une solution amiable.<\/p><p><strong>Article 10.<\/strong><\/p><p>Tous les litiges seront de la comp\u00e9tence exclusive des juridictions de l\u2019arrondissement judiciaire de Namur, m\u00eame en cas d\u2019appel \u00e0 garantie ou de pluralit\u00e9 de d\u00e9fendeurs. La SOCIETE se r\u00e9serve toutefois le droit de citer devant le Juge du si\u00e8ge du ou de l\u2019un des d\u00e9fendeurs. Aucun mode de paiement ou d\u2019ex\u00e9cution n\u2019apportera novation ou d\u00e9rogation \u00e0 la pr\u00e9sente clause expresse d\u2019attribution exclusive de comp\u00e9tence. Le droit belge sera seul applicable.<\/p>\t\t\t\t\t\t\t\t<\/div>\n\t\t\t\t<\/div>\n\t\t\t\t\t<\/div>\n\t\t\t\t<\/div>\n\t\t\t\t<\/div>\n\t\t","protected":false},"excerpt":{"rendered":"<p>CONDITIONS\u00a0 GENERALES POUR VENTE DE MARCHANDISES \u00a0 Article 1. Sauf dispositions l\u00e9gales imp\u00e9ratives contraires, les pr\u00e9sentes conditions g\u00e9n\u00e9rales s\u2019appliquent \u00e0 toutes les activit\u00e9s de AidePC (en ce compris Mastick) ci-apr\u00e8s d\u00e9nomm\u00e9 SOCIETE. Les pr\u00e9sentes conditions g\u00e9n\u00e9rales, de m\u00eame que toutes conditions particuli\u00e8res de la SOCIETE, sont r\u00e9put\u00e9es accept\u00e9es par ses acheteurs et ses fournisseurs, m\u00eame&hellip;<\/p>\n","protected":false},"author":1,"featured_media":0,"parent":0,"menu_order":800,"comment_status":"closed","ping_status":"closed","template":"","meta":{"footnotes":""},"class_list":["post-5475","page","type-page","status-publish","hentry"],"_links":{"self":[{"href":"https:\/\/mastick.be\/index.php\/wp-json\/wp\/v2\/pages\/5475","targetHints":{"allow":["GET"]}}],"collection":[{"href":"https:\/\/mastick.be\/index.php\/wp-json\/wp\/v2\/pages"}],"about":[{"href":"https:\/\/mastick.be\/index.php\/wp-json\/wp\/v2\/types\/page"}],"author":[{"embeddable":true,"href":"https:\/\/mastick.be\/index.php\/wp-json\/wp\/v2\/users\/1"}],"replies":[{"embeddable":true,"href":"https:\/\/mastick.be\/index.php\/wp-json\/wp\/v2\/comments?post=5475"}],"version-history":[{"count":7,"href":"https:\/\/mastick.be\/index.php\/wp-json\/wp\/v2\/pages\/5475\/revisions"}],"predecessor-version":[{"id":23231,"href":"https:\/\/mastick.be\/index.php\/wp-json\/wp\/v2\/pages\/5475\/revisions\/23231"}],"wp:attachment":[{"href":"https:\/\/mastick.be\/index.php\/wp-json\/wp\/v2\/media?parent=5475"}],"curies":[{"name":"wp","href":"https:\/\/api.w.org\/{rel}","templated":true}]}}